Let r = b - -72. What is the units digit of r?
6
Suppose 13*b - 151592 + 45798 = 0. What is the thousands digit of b?
8
Suppose -4*b - 20 = b, 5*b + 20 = -2*r. Suppose r*s + 2058 = 6*s. Suppose 0 = -2*d - 8, 5*y - 2*d = s + 370. What is the tens digit of y?
4
Let z(a) = a**3 - 26*a**2 + 10*a - 9. What is the thousands digit of z(30)?
3
Suppose 7*z - 76 = 3*z. Suppose 4*m - z - 17 = 0. What is the tens digit of m*-2*(-42)/12?
6
What is the hundreds digit of 3/(-2)*(18 - (-116704)/(-42))?
1
Let h = 663 - 637. Suppose 2*r + 5*z + 77 = 0, -4*z + 3 = -z. Let l = h - r. What is the tens digit of l?
6
What is the ten thousands digit of (136901/(-34) - -34)/((-2)/8)?
1
Let o be (-2)/8 - ((-43230)/(-40))/(-11). Suppose o = 6*f - 364. What is the units digit of f?
7
Let k be (5 - 2)/(-6) - 27/(-6). Suppose k*q = -3*t + 874, -q - 1691 = -5*t - 242. What is the tens digit of t?
9
Suppose -29*f = -23*f - 24. What is the tens digit of f/(-12)*(-1868 - 10/(-2))?
2
Let b be (-6)/(-15) - 3*1/(-5). Suppose 2*f = 7 + b. Suppose -3*u - 2*a + 286 = -u, -2*u + 296 = f*a. What is the hundreds digit of u?
1
Let x(w) = -9*w + 72. Let p be x(22). Let q = p - -215. What is the units digit of q?
9
Suppose 983*n = 979*n - 2088. Let f = n - -1248. What is the units digit of f?
6
Let l be ((30 - -5) + 3)/((-1)/(-28)). Suppose -7*j + 3360 = l. What is the hundreds digit of j?
3
Let p(a) = -363*a + 21. Let b be p(-5). Suppose 51*z + b = 57*z. What is the units digit of z?
6
Let m be 2*(754 - (6/4 - 1)). Suppose -1244 = -7*b + m. Suppose b = 4*l - l. What is the hundreds digit of l?
1
Let d(s) = -s - 1. Let v be d(-28). Suppose -v*w + 5733 = -6*w. What is the tens digit of w?
7
Let a(d) be the second derivative of -97*d**3/6 + 26*d**2 + 31*d. Let z be a(-8). Suppose -12*r + 0*r = -z. What is the tens digit of r?
6
Suppose 3*c - 52 = -5*y, -y + 5*y + 16 = 4*c. Let f = -6 + c. Suppose -5*i = 3*s - 634, f*s = 3*i + 2*i + 674. What is the tens digit of s?
1
Suppose 0 = -275*t + 432797 + 3727706 - 823653. What is the units digit of t?
4
Let z = 12036 + -7214. What is the units digit of z?
2
Suppose -64*b + 260464 = 109606 - 360694. What is the hundreds digit of b?
9
Let v(l) = l**3 + 61*l**2 - 50*l + 363. What is the units digit of v(-61)?
3
Suppose 0 = w + 4*k - 8, -w = -5*k + 2 - 19. Let b = -64 + w. Let l = 120 + b. What is the tens digit of l?
6
What is the hundreds digit of (-10698)/10*(-6 - (10 + -11))?
3
Suppose -1103*r + 1107*r = -1504. Let i be 2/9 + 43/9. What is the units digit of (i/((-30)/(-9)))/((-12)/r)?
7
Let r(i) = 2*i**3 - 10*i**2 - 52*i - 22. Let j be r(11). Suppose 286 = -f - 4*l + j, 2*f = 3*l + 1122. What is the units digit of f?
4
Suppose 2*y - q = 5, 3*q + 0 - 1 = -2*y. Suppose 5*c - 3885 = 5*h, -4*c + 5*h = y*h - 3108. What is the hundreds digit of c?
7
Let t be (-259)/(-35) + -7 + 26/10. Suppose t*d - 342 - 3960 = 0. What is the tens digit of d?
3
Let x be (10 - 0)*(-191692)/(-136). Suppose 28*y - x - 9397 = 0. What is the hundreds digit of y?
8
Let v(k) = 1322*k - 1052. What is the tens digit of v(20)?
8
Let j(h) = -h - 45. Let z be j(10). Let m = z - -61. Suppose -5*g + 1200 = -3*q, m*g - 3*q - 963 = 2*g. What is the units digit of g?
7
Suppose -x - 2*s - 9641 = -32953, 0 = -5*x - s + 116524. What is the hundreds digit of x?
3
Suppose 0 = 3*b + 218 + 13. Suppose -714 - 490 = 14*p. Let m = b - p. What is the units digit of m?
9
Suppose -3*a - 2*d = 229, -d - d = -4*a - 282. Let o = a - -22. What is the tens digit of 4 + (2 - 5 - o)?
5
Let h(m) = m**2 + 9*m - 6. Let a be h(-10). What is the units digit of (-12)/(-4) + 1832/a?
1
Let z(r) = -r**2 - 12*r - 31. Let w be z(-6). Suppose -7*k + w*k + 2*f = -82, -4*k = f - 149. What is the tens digit of k?
3
Let h(p) = 245*p**2 + 249*p - 2372. What is the ten thousands digit of h(10)?
2
Let k be (-2)/(-5)*550/44. Suppose 4*u + 1296 = k*i, 6*i - 11*i - 5*u + 1305 = 0. What is the units digit of i?
0
Let t = 151 + -140. Suppose 840 = -t*p + 21*p. What is the units digit of p?
4
Let z = 40 + -38. Suppose -4*r - z*c + 26 = 0, -r - 21 = -3*c - 2*c. Suppose -54 = -2*h - n, 7*h + 4*n = r*h + 71. What is the tens digit of h?
2
Let i = -40 + 100. Let k = -41 - -10. Let c = k + i. What is the tens digit of c?
2
Let j(n) = n**2 + 14*n - 18. Let d be j(-15). What is the units digit of (299*(12 + -13))/(1/d)?
7
Let b(t) = 13*t**3 + 54*t**2 + 3*t + 10. Let r be b(-4). Let m be 615/21 + 4/(-14). Let y = r - m. What is the units digit of y?
1
Let q = 7059 - -5979. What is the thousands digit of q?
3
Let d(w) = -5*w + 2. Let g be d(0). Suppose -2*v = g*i - 112, 9*v - 4*v = 2*i - 126. What is the units digit of i?
8
Let h(a) be the first derivative of -159*a**4/2 - 2*a**2 - 2*a - 87. What is the tens digit of h(-1)?
2
Let o = 59 - 57. What is the tens digit of (-174)/(o + -3) + 0?
7
What is the tens digit of (17695/20)/(64/6144)?
3
Let h = 17 - -2. Suppose h - 3 = 2*f. Let n = f - -68. What is the units digit of n?
6
Suppose -5*l + 3*w + 5 = -0*l, -5*l + 2*w = 0. Let z be ((-5)/2)/5*l - -161. Suppose -5*s + 6*s = 2*m - 304, -m + 3*s = -z. What is the tens digit of m?
5
What is the ten thousands digit of (82259/258)/(3/126)?
1
Let m(x) = -13*x**3 - 912*x**2 + 69*x + 268. What is the hundreds digit of m(-71)?
8
Let g(s) = -7*s + 50. Let x be g(7). What is the hundreds digit of (8/(-8) - x) + 788?
7
Suppose -267*s + 483956 = -199*s. What is the units digit of s?
7
Let d(s) = 7*s**2 + 46*s + 144. Let t(f) = 10*f**2 + 68*f + 216. Let k(u) = -7*d(u) + 5*t(u). What is the units digit of k(-29)?
1
Let u(q) = -q**2 - 10*q - 7. Let i(s) = s**2 - 11*s + 7. Let d be i(12). Suppose -16 = -4*t, -2*t + 5 = -4*x - d. What is the units digit of u(x)?
7
Suppose 4*x + 7*r = 12*r + 40443, -3*r + 50526 = 5*x. What is the hundreds digit of x?
1
Let n(i) = 4*i**2 + 2*i + 12. Suppose 0 = 5*b - q - 29, -3*q - 4 = -3*b + 11. What is the hundreds digit of n(b)?
1
Let h(q) = 46*q**2 - q - 4. Suppose 0 = -k + 2*c - 12, -2*k + 4*k + 2*c - 6 = 0. What is the tens digit of h(k)?
8
Let y(m) = -126*m - 106. Let l be y(-5). Let u = l - 330. What is the units digit of u?
4
Suppose 88 = -2*g + 4*w, -5*g - 3*w = -2*g + 96. Let v = -5 - g. Let h = 43 + v. What is the units digit of h?
4
Let z(t) = -10*t**2 - 11*t - 13*t**2 + t**3 + 12*t**2 - 19 - 14*t**2. Let m be z(26). Suppose -149 = -4*f + m. What is the units digit of f?
0
Suppose -54*z = -57*z + 12. Suppose -h = 2*h - 2*b + 32, z*h = 2*b - 42. Let v(c) = -c - 2. What is the units digit of v(h)?
8
Suppose 11*q - 593 - 683 = 0. Suppose k - q = 37. Suppose -2*f - 5*a - k = -4*f, -3*f + 4*a + 212 = 0. What is the units digit of f?
4
Suppose 145*v - 3140 = 143*v. What is the units digit of v?
0
Let s(f) be the second derivative of f**5/20 - 11*f**4/3 - 35*f**3/3 + 105*f**2/2 + 94*f. What is the thousands digit of s(46)?
1
Let z = 49827 + -27593. What is the tens digit of z?
3
Suppose -g - 5*k = 12, -10 = -4*k + 9*k. Let f = 1 - 0. What is the tens digit of f - 858/(-10) - g/10?
8
Let g = 622 + -619. Let w = 363 + -119. Suppose -154 = -g*m + m - 5*i, -3*m - i = -w. What is the tens digit of m?
8
Let y be (-10)/2*-8*69/(-30). Let f be (3/15)/(4/20). Let t = f - y. What is the units digit of t?
3
Suppose 4*y - 4404 = -o - 653, 0 = 4*y - 8. What is the hundreds digit of o?
7
Let o be (-79)/(-9) + 16/72 - -1. Suppose -o*w + 17*w = 735. What is the units digit of w?
5
Let t be (-4)/8*(-41 + 7). Suppose 5*l + 5*p = 2605, t = -5*p - 3. What is the hundreds digit of l?
5
Let j = 4602 + 1618. What is the thousands digit of j?
6
Let w = -67536 - -118661. What is the units digit of w?
5
Let j = 413 + -409. Let u be 1/(5/(-3) - -2). Suppose j*x = -8, -3*l + 0*x = u*x - 162. What is the units digit of l?
6
Suppose 16*w - 18*w + 5*x + 20077 = 0, -3*x - 9 = 0. What is the hundreds digit of w?
0
Let d = 435 + -23. What is the hundreds digit of -1*(-3)/6*d?
2
Let x(k) = 29*k**2 - 414*k + 7727. What is the thousands digit of x(18)?
9
Suppose 6*w = -120*w + 5059530. What is the ten thousands digit of w?
4
Let y be -6*-1*(-2 - -3) - 3. Suppose 4*n + n = c + 14, y*c - 3 = 0. Suppose -5*t + 0*t = -3*f + 178, -n*t = -4*f + 230. What is the tens digit of f?
5
Let d(h) = h**3 + 10*h**2 + 9*h + 12. Let x be 42/(2*1/1). Suppose 2*a - 5 + x = 